Suppose 0 = -7549*v + 7554*v - 36 + 96. Let w(i) = i**2 + 8*i + 9. Let n be w(-7). Let y(q) = q**n - q + 13*q - 7 - q. What is y(v)?
5
Let n(y) = y**2 - 5*y - 10. Let m(r) = -r**2 + r + 1. Let t(u) = -4*u**2 - 2*u + 46. Let k(z) = -3*m(z) + t(z). Let b be k(-9). Determine n(b).
4
Let h(p) be the third derivative of p**5/60 + 23*p**4/24 + 39*p**3/2 + 21*p**2 - 16*p. Calculate h(-14).
-9
Let q(r) be the third derivative of -1/60*r**5 + 0 - 39*r**2 + 2/3*r**3 + 0*r - 5/12*r**4. What is q(-5)?
29
Let a(g) = -36*g - 5. Let v(s) = -1. Let f(b) = -a(b) + 3*v(b). Give f(-2).
-70
Let s(a) be the second derivative of 5*a**2 + 2/3*a**4 + 2*a + 1/20*a**5 + a**3 + 0. Let l = -45 - -38. Give s(l).
17
Let b = 23352 + -23351. Let v(u) = -3*u**3 - 2*u + 2. Calculate v(b).
-3
Let q(z) = 11*z**2 - 75*z - 359. Let r(a) = 5*a**2 - 32*a - 180. Let t(d) = -6*q(d) + 13*r(d). What is t(7)?
3
Let q(s) = -9602 + 4793 + 4799 - 12*s. Give q(-3).
26
Let k(b) = b**3 - 7*b**2 + 8*b - 6. Let c be k(6). Suppose 2*p + p - c = -2*g, -4*p + g + 8 = 0. Let s(m) = m - 4*m + 4*m + p*m. Give s(6).
18
Let o(v) be the second derivative of v**5/20 + 7*v**4/12 + v**3/6 + 5*v**2/2 - 11*v + 2. Let i(a) = 0*a - 26 + 28 + 0*a - 3*a. Let x be i(3). Give o(x).
-2
Suppose -5*w - 549 + 519 = 0. Let a be (-7)/((-147)/19) + w/(-63). Let d(k) = -2*k - 1. Give d(a).
-3
Let b(a) = a. Let f be ((-4)/5)/((-1)/130). Let j be 318/27 - (-14)/63. Suppose -j*p - f = p. Give b(p).
-8
Let c = -1253 - -1251. Let s(y) be the third derivative of 1/6*y**3 - 1/12*y**4 + 0*y + 0 + 1/12*y**5 + 10*y**2. What is s(c)?
25
Let p(s) = 4*s**3 - 34*s**2 - 53*s + 20. Let m(j) = 2*j**3 - 17*j**2 - 29*j + 10. Let z(h) = 7*m(h) - 4*p(h). Determine z(9).
-10
Let t(h) = -11 - 16 - 77*h + 26 + 78*h. Suppose -6 = 15*d - 21*d. Give t(d).
0
Suppose 69*c - 42*c - 37*c + 870 = 0. Let x be (-1 - -9)*46/4. Let u = c - x. Let z(q) = -q**2 - 3*q + 1. Determine z(u).
-9
Let b(s) = 6*s - 14. Suppose -o + 1 = -4*d, -26*d + 22*d = 4. Let g(c) = -11*c + 27. Let f(r) = o*g(r) - 5*b(r). What is f(7)?
10
Let j(y) be the second derivative of -y**4/12 + 5*y**3/6 + 6*y**2 - 3*y - 9316. Let n = -11 - -18. Calculate j(n).
-2
Suppose -3*n + 4*v - 6*v = -26, 0 = -4*n + 3*v + 29. Suppose -24*m - n = -22*m. Let i(s) be the first derivative of -s**2/2 - 3*s + 1. What is i(m)?
1
Let g(i) = -56 + 138 - 37 - 21*i + i**2. Let a be g(19). Let t(h) be the third derivative of h**6/120 - h**5/10 - h**4/4 - 4*h**3/3 - 4*h**2. Determine t(a).
-1
Let d(u) = -3*u + 2. Let x be d(1). Let h(n) = -7. Let q(s) = -s - 4. Let y(m) = 3*h(m) - 7*q(m). Let b(f) = f + 1. Let c(p) = x*y(p) + 6*b(p). Determine c(3).
-4
Let k(d) = d**2 + 3*d - 2. Let i(m) = 4*m**2 + 10*m - 9. Let o = 240 + -249. Let p(t) = o*k(t) + 2*i(t). Calculate p(-6).
6
Let h(k) = -8*k**2 + 98*k - 28. Let v(s) = 23*s**2 - 281*s + 85. Let p(b) = 17*h(b) + 6*v(b). Give p(7).
-8
Suppose -156 = 3*z + z. Let h = z - -45. Let a(d) = -d**3 + 4*d**2 + 12*d - 4. What is a(h)?
-4
Suppose q = 5*q - 52. Suppose 3*u = -9, 0 = -3*w - 4*u - q + 1. Suppose -d - 2 + 1 = w, -i - 4*d - 9 = 0. Let b(m) = -m**3 - 4*m**2 + 5*m - 2. Calculate b(i).
-2
Suppose 289*w + 321 = 610*w. Let i(n) = -n**3 + 4*n**2 - 3*n**2 + n + n**2 - 1. Determine i(w).
1
Let i = -125 - -125. Suppose -2*s - s - 3*o - 144 = i, o = 5*s + 222. Let q = s + 40. Let j(a) = -a**2 - 2*a - 2. Give j(q).
-17
Let h(d) be the second derivative of d**4/12 - 8*d**2 - 35*d + 5. Give h(-4).
0
Let r = -26 - -259. Let s = r + -232. Let x(i) = 8*i**2. Give x(s).
8
Let a(v) = -5*v + 3. Let r(u) = -211*u - 1. Let z be r(0). Determine a(z).
8
Let s(k) = -7*k - 62. Let i(r) = -2*r - 29. Let p(t) = 2*i(t) - s(t). What is p(-23)?
-65
Let a(b) = b**2 + 4*b + 2. Suppose 25*y = 20*y + 330. Let x = y + -70. What is a(x)?
2
Let h(p) = -p**2 - 7*p - 5. Suppose 5*o - 5 = 10. Let v(b) = -b**2 + 36*b + 127. Let q be v(39). Suppose -o*t + t + 2*c - 12 = 0, 5*c + q = -3*t. Give h(t).
5
Suppose 194*g + 208*g = -3*g + 23*g. Let r be ((-18)/(-15))/((-3)/(-10)). Let y(h) = -h - 1 - r + 2*h. Determine y(g).
-5
Let d(o) = o + 0*o - 5*o - 2 + 3*o. Let g(l) = -l**3 + 22*l**2 - 122*l + 28. Let v be g(12). What is d(v)?
-6
Let p be (3/(-4))/((-2)/(-16)). Let y be (-2)/p - (-2 + (-22)/6). Let u(n) = 2 - y*n**2 + n**3 + n + n - 2*n - 3*n. Give u(6).
-16
Let z(h) be the second derivative of -h**4/12 + 14*h**3/3 - 187*h**2/2 + 14070*h. Determine z(11).
0
Let g = -4 + 11. Suppose 2*o + 5*c + 24 = 1, 2*o - 5*c = g. Let a(b) = 38*b - 469. Let x(z) = -27*z + 331. Let f(p) = -12*a(p) - 17*x(p). Determine f(o).
-11
Suppose -58*q - 240 - 50 = 0. Let y(j) be the first derivative of 1/4*j**4 + 2*j + 3 + 4/3*j**3 - 2*j**2. What is y(q)?
-3
Let d(y) = 5*y + 7. Let t(v) = -453*v - 4976. Let c be t(-11). Give d(c).
42
Suppose -5*v = -y - 302 + 295, -2*v - 2*y = -10. Let n(c) be the first derivative of 26 - 5/3*c**3 + 2*c - 3/2*c**v. What is n(2)?
-24
Let j(v) = -v - 34. Let w(z) = 2*z + 62. Let y(m) = 11*j(m) + 6*w(m). Let x be -7 + 2 + 0/2. Let c = 1 - x. Determine y(c).
4
Let g(d) = 9 + 7*d**2 + 0*d**3 + 0*d**3 + d**3 + 8*d. Let z(f) = 2*f**2 + 33*f + 103. Let i be z(-19). Suppose -30*x = -63*x - i. Give g(x).
-3
Suppose -5*x - 235 = -3*m, 0*x + 182 = 2*m + 3*x. Let t = 89 - m. Let a(y) = -3*y + 22*y**3 + t*y + 2*y - 21*y**3 - 7*y**2 - 6. Give a(6).
-24
Let t(j) = -10 + 6*j**2 - j**2 + 0*j - 5*j - 4*j + j**3. Let r be ((-63)/28)/(-1*6/(-16)). Let x be t(r). Let o(v) = -v**3 + 8*v**2 + 1. Determine o(x).
1
Let a be (-44)/33 - 30/(-9). Let g(r) = 6 + 4 - 16 - a*r. Calculate g(-6).
6
Suppose -2*n = -4*v + 28, 3*v - 4*n - 11 = 4*v. Suppose -2*d + 4*q - 2*q = 26, -3*d - 49 = -v*q. Let z(k) = k**3 + 7*k**2 - 6*k + 16. Determine z(d).
0
Let q(g) = -4*g**2 + 9*g - 8. Let x(r) be the first derivative of -7*r**3/3 + 15*r**2/2 - 15*r - 34. Let p(d) = -5*q(d) + 3*x(d). Give p(2).
-9
Let s(i) = i + 7. Let b be (-21 - -3)/(-6) - 1. Let v(l) = l**3 - 4*l**2 + l + 2. Let n be v(4). Suppose -6 = d + b*u, 6*u = 5*d + 4*u - n. Determine s(d).
7
Suppose 4*u + 5*o - 14 = 0, 2*u - 3*o - 16 = -o. Let h be (135/35 + -3)/(u/28). Let p(x) = x - 3. Determine p(h).
1
Suppose -405 + 87 = -53*u. Let a(w) = -30*w + 184. Determine a(u).
4
Let k(s) = -s**3 - 7*s**2 - 6*s - 1. Let p = 9 - 5. Let o be p/16*(3 + -3). Suppose 3*z + o*b = 3*b - 6, -b = -5*z - 26. Give k(z).
-1
Let w(x) = 8*x - 1. Let m(o) = -o + 1. Let j(v) = 9*m(v) + w(v). What is j(5)?
3
Suppose 2*h = 3*h - p + 25, 2*h + 2*p + 58 = 0. Let w = 31 + h. Let z(j) = -w*j - 1 + j - 3*j + 7*j. Give z(-3).
-4
Let w(y) = y**3 - 111*y + 1320*y**2 + 98 + 113*y - 1276*y**2. What is w(-44)?
10
Let z(n) = -n**3 - 4*n**2 + 59*n - 8. Let a be z(-10). Let h be 19 + a/(-2 - 8/(-6)). Let s(q) = -q**3 + 15*q**2 + 15*q + 23. Calculate s(h).
7
Let h = -75 - -88. Let i = 48 - h. Let g(m) = 32*m + i*m + 16 - 66*m. Give g(-11).
5
Let x(q) = 5*q**2 + 19*q + 9. Let g(d) = -5*d**2 - d + 2. Let a(n) = -4*n**2 + 2. Let m(y) = 6*a(y) - 5*g(y). Let l(z) = -9*m(z) + 2*x(z). Calculate l(8).
8
Let r(u) = 7*u**2 + 9*u + 292151 - 12*u**2 - 292156 + u**2 - 2*u - u**3. What is r(-6)?
25
Let q(c) = 2*c**3 + 23*c**2 - 13*c - 10. Let p be q(-12). Let y(i) = 8*i + 8*i**2 - i**3 - 3*i + p - i**2 - 4*i**2. What is y(5)?
-23
Suppose 48*g + 31*g - 395 = 0. Let u(a) = -5*a**2 + 5*a + 5. Let z(w) = -w**2 + 1. Let x(l) = u(l) - 4*z(l). Give x(g).
1
Let g(r) = 83 - 243 + 95 + 10*r + 75. What is g(3)?
40
Let z be (18/(-5))/(15/(-100)). Suppose -2*m - m = -z. Let h(u) = 196*u**2 - 83*u**2 + 1 + 7*u + 5 - 114*u**2. Calculate h(m).
-2
Let o(z) = z + 8*z + 0*z + 2*z**2 + 0*z. Suppose -71 = -5*q - 31, 3*c + 34 = 2*q. Give o(c).
18
Suppose -564 = 114*x + 120. Let g(r) = r**2 - 4*r - 8. Calculate g(x).
52
Let x(j) = -j**3 - 6*j**2 + 4*j + 5. Let l be -21 + (-6)/14*-35. Determine x(l).
-19
Let q = 4 + 0. Suppose -k = 5*m, k + q*k = 4*m - 58. Let c(f) be the second derivative of -f**4/12 - 11*f**3/6 - 13*f**2/2 + 4*f - 9. Determine c(k).
-3
Let u(r) be the first derivative of 7*r**4/12 + r**3/6 - 31*r**2/2 - 3. Let d(j) be the second derivative of u(j). Calculate d(2).
29
Let w(s) = -11*s + 91*s + 21 - 54*s. What is w(-1)?
-5
Let i(c) = 7*c + 9. Suppose 4*b - 3 - 2 = -17. Determine i(b).
-12
Let h(u) be the second derivative of 2*u**7/315 